{"id":529,"date":"2021-06-09T07:44:50","date_gmt":"2021-06-09T06:44:50","guid":{"rendered":"https:\/\/blogsaverroes.juntadeandalucia.es\/iesoretania\/?page_id=529"},"modified":"2021-12-27T19:26:03","modified_gmt":"2021-12-27T19:26:03","slug":"politica-de-calidad","status":"publish","type":"page","link":"https:\/\/www.iesoretania.es\/index.php\/politica-de-calidad\/","title":{"rendered":"Pol\u00edtica de calidad"},"content":{"rendered":"<p>[et_pb_section fb_built=\u00bb1&#8243; admin_label=\u00bbsection\u00bb _builder_version=\u00bb3.22&#8243;][et_pb_row admin_label=\u00bbrow\u00bb _builder_version=\u00bb4.8.1&#8243; background_size=\u00bbinitial\u00bb background_position=\u00bbtop_left\u00bb background_repeat=\u00bbrepeat\u00bb custom_margin=\u00bb||||false|false\u00bb hover_enabled=\u00bb0&#8243; sticky_enabled=\u00bb0&#8243;][et_pb_column type=\u00bb4_4&#8243; _builder_version=\u00bb3.25&#8243; custom_padding=\u00bb|||\u00bb custom_padding__hover=\u00bb|||\u00bb][et_pb_text admin_label=\u00bbText\u00bb _builder_version=\u00bb3.27.4&#8243; background_size=\u00bbinitial\u00bb background_position=\u00bbtop_left\u00bb background_repeat=\u00bbrepeat\u00bb]<\/p>\n<div class=\"content clearfix\">\n<p class=\"western\">La elecci\u00f3n de un Sistema de Gesti\u00f3n certificado, basado en la Norma UNE EN ISO 9001:2015, en el I.E.S. \u201cOretania\u201d, responde al deseo de nuestra comunidad educativa de participar en un proyecto que nos vincule en la mejora de la formaci\u00f3n que se imparte y se recibe.<\/p>\n<p class=\"western\">La pol\u00edtica de calidad establece los principios generales y los objetivos fundamentales que organizan la gesti\u00f3n de la calidad en el I.E.S. Oretania, que son los siguientes:<\/p>\n<ul>\n<li>\n<p class=\"western\"><b>Desarrollar las actividades docentes y organizativas con arreglo a los requisitos de la norma internacional y de la legalidad vigente mediante un liderazgo efectivo.<\/b><\/p>\n<\/li>\n<li>\n<p class=\"western\"><b>Analizar los riesgos y oportunidades del centro teniendo en cuenta el contexto donde se encuentra.<\/b><\/p>\n<\/li>\n<li>\n<p class=\"western\"><b>Establecer los mecanismos documentales necesarios para conseguir la m\u00e1xima eficacia en nuestro sistema de gesti\u00f3n, planteando unos objetivos asumibles a partir de un proceso de an\u00e1lisis y reflexi\u00f3n previo, definiendo una metodolog\u00eda apropiada y estableciendo modelos de autoevaluaci\u00f3n que posibiliten la mejora continua de nuestra labor.<\/b><\/p>\n<\/li>\n<li>\n<p class=\"western\"><b>Informar de la pol\u00edtica de calidad mediante su publicaci\u00f3n y revisarla para su adaptaci\u00f3n a los cambios de normativa o a la realidad de las necesidades que se planteen a trav\u00e9s de la medici\u00f3n del grado de satisfacci\u00f3n de los usuarios y de sus aportaciones.<\/b><\/p>\n<\/li>\n<li>\n<p class=\"western\"><b>Conseguir un entorno de trabajo saludable, c\u00f3modo y respetuoso con el medio ambiente, que garantice el desempe\u00f1o de las funciones de cada cual en las mejores condiciones.<\/b><\/p>\n<\/li>\n<li>\n<p class=\"western\"><b>Difundir los valores de respeto, solidaridad, igualdad y esfuerzo, tanto en el seno de nuestro Centro como hacia el exterior, mediante los contenidos transversales a la labor docente y las actividades culturales que se realicen.<\/b><\/p>\n<\/li>\n<li>\n<p class=\"western\"><b>Mejorar el desarrollo acad\u00e9mico, personal y profesional, estableciendo las pautas necesarias en nuestro proyecto educativo que se concrete en un incremento de las expectativas laborales de nuestro alumnado.<\/b><\/p>\n<\/li>\n<\/ul>\n<p class=\"western\">Hemos adquirido este compromiso la totalidad de las personas que conformamos nuestro Centro y es nuestra responsabilidad participar de forma activa en todos los procesos que se realicen, en la medida de nuestra capacidad y de la funci\u00f3n encomendada.<\/p>\n<p class=\"western\">El equipo directivo dispondr\u00e1 la informaci\u00f3n, medios y formaci\u00f3n necesarios para la divulgaci\u00f3n, actualizaci\u00f3n y desarrollo de las actividades propias de un centro educativo.<\/p>\n<p class=\"western\" align=\"right\">La direcci\u00f3n del I.E.S. Oretania<\/p>\n<\/div>\n<p>[\/et_pb_text][\/et_pb_column][\/et_pb_row][\/et_pb_section]<\/p>\n","protected":false},"excerpt":{"rendered":"<p>[et_pb_section fb_built=\u00bb1&#8243; admin_label=\u00bbsection\u00bb _builder_version=\u00bb3.22&#8243;][et_pb_row admin_label=\u00bbrow\u00bb _builder_version=\u00bb4.8.1&#8243; background_size=\u00bbinitial\u00bb background_position=\u00bbtop_left\u00bb background_repeat=\u00bbrepeat\u00bb custom_margin=\u00bb||||false|false\u00bb hover_enabled=\u00bb0&#8243; sticky_enabled=\u00bb0&#8243;][et_pb_column type=\u00bb4_4&#8243; _builder_version=\u00bb3.25&#8243; custom_padding=\u00bb|||\u00bb custom_padding__hover=\u00bb|||\u00bb][et_pb_text admin_label=\u00bbText\u00bb _builder_version=\u00bb3.27.4&#8243; background_size=\u00bbinitial\u00bb background_position=\u00bbtop_left\u00bb background_repeat=\u00bbrepeat\u00bb] La elecci\u00f3n de un Sistema de Gesti\u00f3n certificado, basado en la Norma UNE EN ISO 9001:2015, en el I.E.S. \u201cOretania\u201d, responde al deseo de nuestra comunidad educativa de participar en un proyecto que nos [&hellip;]<\/p>\n","protected":false},"author":1,"featured_media":611,"parent":0,"menu_order":0,"comment_status":"closed","ping_status":"closed","template":"","meta":{"_et_pb_use_builder":"on","_et_pb_old_content":"<div class=\"content clearfix\">\r\n<p class=\"western\">La elecci\u00f3n de un Sistema de Gesti\u00f3n certificado, basado en la Norma UNE EN ISO 9001:2015, en el I.E.S. \u201cOretania\u201d, responde al deseo de nuestra comunidad educativa de participar en un proyecto que nos vincule en la mejora de la formaci\u00f3n que se imparte y se recibe.<\/p>\r\n<p class=\"western\">La pol\u00edtica de calidad establece los principios generales y los objetivos fundamentales que organizan la gesti\u00f3n de la calidad en el I.E.S. Oretania, que son los siguientes:<\/p>\r\n\r\n<ul>\r\n \t<li>\r\n<p class=\"western\"><b>Desarrollar las actividades docentes y organizativas con arreglo a los requisitos de la norma internacional y de la legalidad vigente mediante un liderazgo efectivo.<\/b><\/p>\r\n<\/li>\r\n \t<li>\r\n<p class=\"western\"><b>Analizar los riesgos y oportunidades del centro teniendo en cuenta el contexto donde se encuentra.<\/b><\/p>\r\n<\/li>\r\n \t<li>\r\n<p class=\"western\"><b>Establecer los mecanismos documentales necesarios para conseguir la m\u00e1xima eficacia en nuestro sistema de gesti\u00f3n, planteando unos objetivos asumibles a partir de un proceso de an\u00e1lisis y reflexi\u00f3n previo, definiendo una metodolog\u00eda apropiada y estableciendo modelos de autoevaluaci\u00f3n que posibiliten la mejora continua de nuestra labor.<\/b><\/p>\r\n<\/li>\r\n \t<li>\r\n<p class=\"western\"><b>Informar de la pol\u00edtica de calidad mediante su publicaci\u00f3n y revisarla para su adaptaci\u00f3n a los cambios de normativa o a la realidad de las necesidades que se planteen a trav\u00e9s de la medici\u00f3n del grado de satisfacci\u00f3n de los usuarios y de sus aportaciones.<\/b><\/p>\r\n<\/li>\r\n \t<li>\r\n<p class=\"western\"><b>Conseguir un entorno de trabajo saludable, c\u00f3modo y respetuoso con el medio ambiente, que garantice el desempe\u00f1o de las funciones de cada cual en las mejores condiciones.<\/b><\/p>\r\n<\/li>\r\n \t<li>\r\n<p class=\"western\"><b>Difundir los valores de respeto, solidaridad, igualdad y esfuerzo, tanto en el seno de nuestro Centro como hacia el exterior, mediante los contenidos transversales a la labor docente y las actividades culturales que se realicen.<\/b><\/p>\r\n<\/li>\r\n \t<li>\r\n<p class=\"western\"><b>Mejorar el desarrollo acad\u00e9mico, personal y profesional, estableciendo las pautas necesarias en nuestro proyecto educativo que se concrete en un incremento de las expectativas laborales de nuestro alumnado.<\/b><\/p>\r\n<\/li>\r\n<\/ul>\r\n<p class=\"western\">Hemos adquirido este compromiso la totalidad de las personas que conformamos nuestro Centro y es nuestra responsabilidad participar de forma activa en todos los procesos que se realicen, en la medida de nuestra capacidad y de la funci\u00f3n encomendada.<\/p>\r\n<p class=\"western\">El equipo directivo dispondr\u00e1 la informaci\u00f3n, medios y formaci\u00f3n necesarios para la divulgaci\u00f3n, actualizaci\u00f3n y desarrollo de las actividades propias de un centro educativo.<\/p>\r\n<p class=\"western\" align=\"right\">La direcci\u00f3n del I.E.S. Oretania<\/p>\r\n\r\n<\/div>","_et_gb_content_width":"","footnotes":""},"class_list":["post-529","page","type-page","status-publish","has-post-thumbnail","hentry"],"_links":{"self":[{"href":"https:\/\/www.iesoretania.es\/index.php\/wp-json\/wp\/v2\/pages\/529","targetHints":{"allow":["GET"]}}],"collection":[{"href":"https:\/\/www.iesoretania.es\/index.php\/wp-json\/wp\/v2\/pages"}],"about":[{"href":"https:\/\/www.iesoretania.es\/index.php\/wp-json\/wp\/v2\/types\/page"}],"author":[{"embeddable":true,"href":"https:\/\/www.iesoretania.es\/index.php\/wp-json\/wp\/v2\/users\/1"}],"replies":[{"embeddable":true,"href":"https:\/\/www.iesoretania.es\/index.php\/wp-json\/wp\/v2\/comments?post=529"}],"version-history":[{"count":5,"href":"https:\/\/www.iesoretania.es\/index.php\/wp-json\/wp\/v2\/pages\/529\/revisions"}],"predecessor-version":[{"id":1419,"href":"https:\/\/www.iesoretania.es\/index.php\/wp-json\/wp\/v2\/pages\/529\/revisions\/1419"}],"wp:featuredmedia":[{"embeddable":true,"href":"https:\/\/www.iesoretania.es\/index.php\/wp-json\/wp\/v2\/media\/611"}],"wp:attachment":[{"href":"https:\/\/www.iesoretania.es\/index.php\/wp-json\/wp\/v2\/media?parent=529"}],"curies":[{"name":"wp","href":"https:\/\/api.w.org\/{rel}","templated":true}]}}