{"id":1580,"date":"2022-11-07T19:18:56","date_gmt":"2022-11-07T19:18:56","guid":{"rendered":"https:\/\/www.iesoretania.es\/?page_id=1580"},"modified":"2022-11-08T18:54:54","modified_gmt":"2022-11-08T18:54:54","slug":"convalidaciones","status":"publish","type":"page","link":"https:\/\/www.iesoretania.es\/index.php\/convalidaciones\/","title":{"rendered":"Convalidaciones"},"content":{"rendered":"<p><strong>PUEDES SOLICITAR LAS CONVALIDACIONES DE M\u00d3DULOS PROFESIONALES EN LA OFICINA-SECRETAR\u00cdA DEL CENTRO EDUCATIVO<\/strong><\/p>\n<p><strong>No se admitir\u00e1n solicitudes de convalidaciones que no est\u00e9n cumplimentadas y firmadas correctamente. Hay que aportar junto a la solicitud la documentaci\u00f3n que acredite los estudios realizados \u201c<\/strong><em>original o fotocopia compulsada por el centro emisor<\/em><strong>\u201c.<\/strong><\/p>\n<p><strong>Plazo de Presentaci\u00f3n de Solicitudes<\/strong><\/p>\n<p>El <strong>plazo de presentaci\u00f3n <\/strong>de solicitudes estar\u00e1 comprendido entre <strong>el 1 y el 31 de octubre.<\/strong><\/p>\n<ul>\n<li>Para solicitar la convalidaci\u00f3n de M\u00f3dulos Profesionales de un Ciclo Formativo de Formaci\u00f3n Profesional solo se pueden alegar ense\u00f1anzas cursadas dentro del Sistema Educativo.<\/li>\n<li>Para solicitar la convalidaci\u00f3n de m\u00f3dulos profesionales hay que estar previamente matriculado en ellos.<\/li>\n<li>Una materia convalidada no puede alegarse para conseguir la convalidaci\u00f3n de otra nueva. Solo se pueden alegar aquellas materias que hayan sido realmente cursadas y superadas.<\/li>\n<li><strong>El m\u00f3dulo profesional de Horas de libre configuraci\u00f3n no puede ser objeto de convalidaci\u00f3n<\/strong>.<\/li>\n<\/ul>\n<p>&nbsp;<\/p>\n<p><strong>IMPORTANTE \u2013 Asistencia a Clase<\/strong><\/p>\n<p>En tanto el\/la solicitante no haya recibido la resoluci\u00f3n de su solicitud por parte del Centro Educativo o por parte del Ministerio, no estar\u00e1 eximido en ning\u00fan caso de la asistencia a clase y de la presentaci\u00f3n a las evaluaciones correspondientes.<\/p>\n<ul>\n<li>Convalidaciones entre M\u00f3dulos Profesionales. <span style=\"color: #0000ff;\"><strong>(<a style=\"color: #0000ff;\" href=\"https:\/\/www.juntadeandalucia.es\/educacion\/portals\/web\/formacion-profesional-andaluza\/quiero-formarme\/posibilidades-tras-formarme\/convalidacion\" target=\"_blank\" rel=\"noopener\">Consultar<\/a>)<\/strong><\/span><\/li>\n<li>Impreso de solicitud de convalidaciones de M\u00f3dulos Profesionales de la Junta de Andaluc\u00eda. <span style=\"color: #0000ff;\"><strong><a style=\"color: #0000ff;\" href=\"https:\/\/www.juntadeandalucia.es\/educacion\/portals\/delegate\/content\/0de89bf2-f6f5-4a17-b3c0-f8384ade9aa3\/Impreso%20solicitud%202018_2019\" target=\"_blank\" rel=\"noopener\">(<\/a><a style=\"color: #0000ff;\" href=\"https:\/\/www.iesoretania.es\/wp-content\/uploads\/2022\/11\/convAnexoXII.pdf\" target=\"_blank\" rel=\"noopener\">Impreso de Solicitud de Convalidaciones Anexo XII<\/a>).<\/strong><\/span><\/li>\n<li>Impreso de solicitud de convalidaciones (Real Decreto 1085\/2020, de 9 de diciembre). <a href=\"https:\/\/www.juntadeandalucia.es\/educacion\/portals\/delegate\/content\/0de89bf2-f6f5-4a17-b3c0-f8384ade9aa3\/Impreso%20solicitud%202018_2019\" target=\"_blank\" rel=\"noopener\"><strong><span style=\"color: #0000ff;\">(<\/span><\/strong><\/a><strong><span style=\"color: #0000ff;\"><a style=\"color: #0000ff;\" href=\"https:\/\/www.iesoretania.es\/wp-content\/uploads\/2022\/11\/convMInisterio.pdf\" target=\"_blank\" rel=\"noopener\">Impreso de Solicitud de Convalidaciones Ministerio de Educaci\u00f3n y Formaci\u00f3n Profesional Anexo V<\/a>).<\/span><\/strong><\/li>\n<\/ul>\n<p>Para m\u00e1s informaci\u00f3n puede consultar el\u00a0Real Decreto 1085\/2020, de 9 de diciembre, por el que se establecen convalidaciones de m\u00f3dulos profesionales de los t\u00edtulos de Formaci\u00f3n Profesional del sistema educativo espa\u00f1ol y las medidas para su aplicaci\u00f3n, y se modifica el Real Decreto 1147\/2011, de 29 de julio, por el que se establece la ordenaci\u00f3n general de la formaci\u00f3n profesional del sistema educativo. (BOE N\u00ba 340 de 30 de diciembre de 2020). <span style=\"color: #0000ff;\"><strong>(<a style=\"color: #0000ff;\" href=\"https:\/\/www.boe.es\/boe\/dias\/2020\/12\/30\/pdfs\/BOE-A-2020-17274.pdf\" target=\"_blank\" rel=\"noopener\">Consultar<\/a>)<\/strong><\/span><\/p>\n<p>&nbsp;<\/p>\n<p><strong>DOCUMENTACI\u00d3N NECESARIA:<\/strong><\/p>\n<div>\n<ul>\n<li><strong>Anexo XII<\/strong> \u2013 Solicitud de Convalidaciones de M\u00f3dulos de Formaci\u00f3n Profesional contempladas en Real Decreto 1085\/2020, de 9 de diciembre.<\/li>\n<li><strong>Anexo IV<\/strong> \u2013 Solicitud de Convalidaciones de M\u00f3dulos de Formaci\u00f3n Profesional con Ense\u00f1anzas Universitarias<\/li>\n<li><strong>Certificaci\u00f3n acad\u00e9mica oficial<\/strong> expedida por el centro docente donde ha cursado los estudios (<strong>original o fotocopia compulsada por el centro emisor<\/strong>).<\/li>\n<li><strong>EN EL CASO DE ALEGAR ENSE\u00d1ANZAS UNIVERSITARIAS<\/strong>, adem\u00e1s de la <strong>certificaci\u00f3n acad\u00e9mica oficial<\/strong>, deber\u00e1 presentar los programas de las asignaturas que haya cursado, <strong>sellados por la Secretar\u00eda del centro universitario<\/strong> y con indicaci\u00f3n del curso escolar. El curso escolar de los programas de las asignaturas deber\u00e1 coincidir con el curso escolar en el que se super\u00f3 dichas asignaturas y que as\u00ed consta en la certificaci\u00f3n acad\u00e9mica oficial.<\/li>\n<li><strong>Certificaci\u00f3n necesaria para la Convalidaci\u00f3n del M\u00f3dulo de Formaci\u00f3n y Orientaci\u00f3n Laboral (LOE), con el M\u00f3dulo de Formaci\u00f3n y Orientaci\u00f3n Laboral (LOGSE):<\/strong><\/li>\n<li><em>Certificaci\u00f3n de formaci\u00f3n en el nivel b\u00e1sico de Prevenci\u00f3n de Riesgos Laborales (PRL). Sirve cualquier curso de PRL impartido por alguna entidad legalmente constituida, de una duraci\u00f3n <strong>no inferior a 30 horas<\/strong> y cuyos contenidos incluyan los que indica el <strong>anexo IV del Real Decreto 39\/1997, de 17 de enero (BOE de 31)<\/strong>, por el que se aprueba el Reglamento de los Servicios de Prevenci\u00f3n (<strong>original o fotocopia compulsada por el centro emisor<\/strong>).<\/em><\/li>\n<\/ul>\n<p><strong>\u00a0<\/strong><\/p>\n<p><strong>EL PLAZO PARA PRESENTAR LA SOLICITUD DE CONVALIDACIONES DE M\u00d3DULOS PROFESIONALES ES HASTA EL 31 DE OCTUBRE<br \/>\n<\/strong><\/p>\n<p>EXENCI\u00d3N DEL M\u00d3DULO PROFESIONAL FORMACI\u00d3N EN CENTROS DE TRABAJO<\/p>\n<p>Informaci\u00f3n sobre la exenci\u00f3n del m\u00f3dulo de Formaci\u00f3n en Centros de Trabajo. (<a href=\"https:\/\/\" target=\"_blank\" rel=\"noopener\">Enlace<\/a>)<\/p>\n<hr \/>\n<p><em>La informaci\u00f3n proporcionada por este medio tiene car\u00e1cter exclusivamente ilustrativo y no originar\u00e1 derechos ni expectativas de derecho. No nos hacemos responsables de un posible error u omisi\u00f3n en la informaci\u00f3n suministrada. Solo el texto de las disposiciones legales que se publiquen en el Bolet\u00edn Oficial de la Junta de Andaluc\u00eda y tablones de anuncios de las dependencias administrativas tendr\u00e1n la consideraci\u00f3n de aut\u00e9ntico.<\/em><\/p>\n<p>&nbsp;<\/p>\n<p>&nbsp;<\/p>\n<p>&nbsp;<\/p>\n<p>&nbsp;<\/p>\n<p>&nbsp;<\/p>\n<p>&nbsp;<\/p>\n<\/div>\n","protected":false},"excerpt":{"rendered":"<p>PUEDES SOLICITAR LAS CONVALIDACIONES DE M\u00d3DULOS PROFESIONALES EN LA OFICINA-SECRETAR\u00cdA DEL CENTRO EDUCATIVO No se admitir\u00e1n solicitudes de convalidaciones que no est\u00e9n cumplimentadas y firmadas correctamente. Hay que aportar junto a la solicitud la documentaci\u00f3n que acredite los estudios realizados \u201coriginal o fotocopia compulsada por el centro emisor\u201c. Plazo de Presentaci\u00f3n de Solicitudes El plazo [&hellip;]<\/p>\n","protected":false},"author":1,"featured_media":0,"parent":0,"menu_order":0,"comment_status":"closed","ping_status":"closed","template":"","meta":{"_et_pb_use_builder":"off","_et_pb_old_content":"","_et_gb_content_width":"","footnotes":""},"class_list":["post-1580","page","type-page","status-publish","hentry"],"_links":{"self":[{"href":"https:\/\/www.iesoretania.es\/index.php\/wp-json\/wp\/v2\/pages\/1580","targetHints":{"allow":["GET"]}}],"collection":[{"href":"https:\/\/www.iesoretania.es\/index.php\/wp-json\/wp\/v2\/pages"}],"about":[{"href":"https:\/\/www.iesoretania.es\/index.php\/wp-json\/wp\/v2\/types\/page"}],"author":[{"embeddable":true,"href":"https:\/\/www.iesoretania.es\/index.php\/wp-json\/wp\/v2\/users\/1"}],"replies":[{"embeddable":true,"href":"https:\/\/www.iesoretania.es\/index.php\/wp-json\/wp\/v2\/comments?post=1580"}],"version-history":[{"count":14,"href":"https:\/\/www.iesoretania.es\/index.php\/wp-json\/wp\/v2\/pages\/1580\/revisions"}],"predecessor-version":[{"id":1600,"href":"https:\/\/www.iesoretania.es\/index.php\/wp-json\/wp\/v2\/pages\/1580\/revisions\/1600"}],"wp:attachment":[{"href":"https:\/\/www.iesoretania.es\/index.php\/wp-json\/wp\/v2\/media?parent=1580"}],"curies":[{"name":"wp","href":"https:\/\/api.w.org\/{rel}","templated":true}]}}